{"id":33,"date":"2013-07-25T02:45:48","date_gmt":"2013-07-25T00:45:48","guid":{"rendered":"http:\/\/www.astrologie-zentrum-hannover.de\/wordpress\/?page_id=33"},"modified":"2022-02-22T13:33:15","modified_gmt":"2022-02-22T11:33:15","slug":"fernberatung","status":"publish","type":"page","link":"http:\/\/www.astrologie-zentrum-hannover.de\/wordpress\/fernberatung\/","title":{"rendered":"Fernberatung"},"content":{"rendered":"<p><b>Sonstige Beratung<\/b><\/p>\n<p><b>Telefonische Beratung oder per Zoom oder per Skype<\/b><br \/>\nEine M\u00f6glichkeit f\u00fcr weiter entfernt wohnende Klienten ist die telefonische Beratung. Hierzu bereite ich Ihr Horoskop vor, und wir verabreden einen Gespr\u00e4chstermin.\u00a0 Das Gespr\u00e4ch dauert je nach Situation zwischen 60 Minuten und 80 Minuten. Kosten: 200 Euro.<\/p>\n<p><b>Schriftliche Gutachten<\/b><br \/>\nEine von mir pers\u00f6nlich erstellte schriftliche Horoskopanalyse (keine Computer-Analyse) hat einen Seitenumfang von ca. 5\u00a0 Seiten (Schriftgr\u00f6\u00dfe 12) und kostet ausgedruckt incl. Horoskopausdruck und Postversand 220 Euro. Ihre pers\u00f6nlichen Anliegen und Fragen werden dabei ber\u00fccksichtigt. Als pdf-Datei per e-Mail-Versand kostet die Analyse 200 Euro.<\/p>\n","protected":false},"excerpt":{"rendered":"<p>Sonstige Beratung Telefonische Beratung oder per Zoom oder per Skype Eine M\u00f6glichkeit f\u00fcr weiter entfernt wohnende Klienten ist die telefonische Beratung. Hierzu bereite ich Ihr Horoskop vor, und wir verabreden einen Gespr\u00e4chstermin.\u00a0 Das Gespr\u00e4ch dauert je nach Situation zwischen 60 &hellip; <a href=\"http:\/\/www.astrologie-zentrum-hannover.de\/wordpress\/fernberatung\/\">Weiterlesen <span class=\"meta-nav\">&rarr;<\/span><\/a><\/p>\n","protected":false},"author":1,"featured_media":0,"parent":0,"menu_order":0,"comment_status":"closed","ping_status":"open","template":"onecolumn-page.php","meta":[],"_links":{"self":[{"href":"http:\/\/www.astrologie-zentrum-hannover.de\/wordpress\/wp-json\/wp\/v2\/pages\/33"}],"collection":[{"href":"http:\/\/www.astrologie-zentrum-hannover.de\/wordpress\/wp-json\/wp\/v2\/pages"}],"about":[{"href":"http:\/\/www.astrologie-zentrum-hannover.de\/wordpress\/wp-json\/wp\/v2\/types\/page"}],"author":[{"embeddable":true,"href":"http:\/\/www.astrologie-zentrum-hannover.de\/wordpress\/wp-json\/wp\/v2\/users\/1"}],"replies":[{"embeddable":true,"href":"http:\/\/www.astrologie-zentrum-hannover.de\/wordpress\/wp-json\/wp\/v2\/comments?post=33"}],"version-history":[{"count":17,"href":"http:\/\/www.astrologie-zentrum-hannover.de\/wordpress\/wp-json\/wp\/v2\/pages\/33\/revisions"}],"predecessor-version":[{"id":1993,"href":"http:\/\/www.astrologie-zentrum-hannover.de\/wordpress\/wp-json\/wp\/v2\/pages\/33\/revisions\/1993"}],"wp:attachment":[{"href":"http:\/\/www.astrologie-zentrum-hannover.de\/wordpress\/wp-json\/wp\/v2\/media?parent=33"}],"curies":[{"name":"wp","href":"https:\/\/api.w.org\/{rel}","templated":true}]}}